factors of 655316663.
17, 38548039
List the prime factors of 1710121937.
1710121937
What are the prime factors of 115890514?
2, 23, 59, 42701
List the prime factors of 4282183483.
109, 547, 71821
List the prime factors of 4846571.
31, 79, 1979
What are the prime factors of 32815315?
5, 13, 504851
What are the prime factors of 221090890?
2, 5, 107, 206627
What are the prime factors of 14365517?
14365517
List the prime factors of 4378217320.
2, 5, 47, 2328839
List the prime factors of 929600148.
2, 3, 311, 249089
What are the prime factors of 19315312?
2, 887, 1361
What are the prime factors of 23622318?
2, 3, 1312351
List the prime factors of 15821000.
2, 5, 13, 1217
What are the prime factors of 95080616?
2, 11885077
List the prime factors of 10512809.
10512809
List the prime factors of 598785256.
2, 74848157
What are the prime factors of 191157404?
2, 19, 59, 89, 479
What are the prime factors of 390032196?
2, 3, 32502683
What are the prime factors of 30165799?
30165799
List the prime factors of 835708353.
3, 67, 4157753
What are the prime factors of 140141284?
2, 59, 191, 3109
List the prime factors of 23004438.
2, 3, 53, 72341
What are the prime factors of 1081221954?
2, 3, 180203659
List the prime factors of 104404564.
2, 11, 227, 10453
List the prime factors of 123874400.
2, 5, 13, 43, 277
What are the prime factors of 1675928855?
5, 101, 3318671
List the prime factors of 857441199.
3, 43, 6646831
List the prime factors of 73615091.
11, 6692281
What are the prime factors of 130058374?
2, 383, 169789
List the prime factors of 1071918041.
19, 56416739
List the prime factors of 84293467.
6911, 12197
What are the prime factors of 2306808492?
2, 3, 192234041
List the prime factors of 116733761.
116733761
List the prime factors of 266681118.
2, 3, 11, 73, 55351
What are the prime factors of 2818470367?
463, 6087409
List the prime factors of 854753547.
3, 331, 860779
What are the prime factors of 420310938?
2, 3, 70051823
List the prime factors of 437424891.
3, 3701, 39397
What are the prime factors of 652815332?
2, 13, 12554141
List the prime factors of 93468977.
7, 13352711
List the prime factors of 688882049.
5503, 125183
What are the prime factors of 854984573?
2543, 336211
What are the prime factors of 677915517?
3, 37, 6107347
List the prime factors of 1502563853.
7, 17, 97, 130171
What are the prime factors of 95910509?
101, 949609
What are the prime factors of 31531110?
2, 3, 5, 13, 80849
What are the prime factors of 2021877872?
2, 7, 18052481
List the prime factors of 86070353.
31, 239, 11617
List the prime factors of 255079870.
2, 5, 43, 593209
List the prime factors of 4437734490.
2, 3, 5, 7, 37, 27197
What are the prime factors of 1389455974?
2, 599, 1159813
What are the prime factors of 1563211389?
3, 29, 17967947
What are the prime factors of 86396732?
2, 21599183
List the prime factors of 121265756.
2, 30316439
List the prime factors of 2809280049.
3, 173, 823, 6577
What are the prime factors of 34122188?
2, 47, 181501
What are the prime factors of 155298075?
3, 5, 2070641
List the prime factors of 22844666.
2, 13, 878641
What are the prime factors of 176702952?
2, 3, 109, 67547
What are the prime factors of 421333362?
2, 3, 137, 170857
List the prime factors of 654270329.
599, 883, 1237
What are the prime factors of 598732423?
1429, 418987
What are the prime factors of 558652611?
3, 11, 19, 890993
What are the prime factors of 5219545067?
11, 43, 1489, 7411
List the prime factors of 38070374.
2, 19035187
List the prime factors of 1291054564.
2, 4493, 71837
What are the prime factors of 26609212?
2, 7, 950329
List the prime factors of 1172152519.
23, 4567, 11159
List the prime factors of 3754931066.
2, 17, 8513, 12973
What are the prime factors of 15622504?
2, 1952813
What are the prime factors of 163306114?
2, 17, 79, 163, 373
List the prime factors of 4034113245.
3, 5, 89646961
List the prime factors of 3989313672.
2, 3, 109, 521, 2927
List the prime factors of 5738679141.
3, 13, 131, 499, 2251
What are the prime factors of 969727095?
3, 5, 3673, 5867
List the prime factors of 332904108.
2, 3, 29, 43, 22247
List the prime factors of 21637647.
3, 107, 22469
What are the prime factors of 167411864?
2, 20926483
List the prime factors of 895506423.
3, 7, 19, 2244377
What are the prime factors of 122028495?
3, 5, 587, 13859
List the prime factors of 2448587541.
3, 79, 101, 102293
What are the prime factors of 158595163?
31, 1049, 4877
List the prime factors of 579987670.
2, 5, 57998767
What are the prime factors of 66919730?
2, 5, 113, 59221
What are the prime factors of 18839623?
11, 37, 41, 1129
What are the prime factors of 4554426854?
2, 17, 133953731
What are the prime factors of 357490179?
3, 293, 5021
List the prime factors of 19157984.
2, 598687
What are the prime factors of 557753263?
557753263
List the prime factors of 19092385.
5, 13, 293729
What are the prime factors of 355281446?
2, 13, 61, 224011
What are the prime factors of 376058161?
53, 7095437
List the prime factors of 25377386.
2, 12688693
What are the prime factors of 489221442?
2, 3, 593, 45833
What are the prime factors of 101052387?
3, 3742681
List the prime factors of 2364175538.
2, 41, 28831409
List the prime factors of 6090027429.
3, 131, 15496253
What are the prime factors of 160471539?
3, 89, 2251
List the prime factors of 176813729.
5227, 33827
List the prime factors of 1326625552.
2, 7, 1373, 8627
What are the prime factors of 3236664173?
3236664173
What are the prime factors of 15880717?
43, 369319
List the prime factors of 319312666.
2, 17, 109, 86161
List the prime factors of 29278497.
3, 9759499
List the prime factors of 1848562398.
2, 3, 101, 112979
List the prime factors of 3048545073.
3, 7, 145168813
What are the prime factors of 21391259?
21391259
What are the prime factors of 981542003?
13, 7307, 10333
List the prime factors of 30521197.
7, 4360171
What are the prime factors of 770493017?
7, 293, 375667
What are the prime factors of 309155484?
2, 3, 11, 212917
List the prime factors of 57978121.
61, 950461
List the prime factors of 152633345.
5, 30526669
What are the prime factors of 260599019?
1021, 255239
List the prime factors of 59990445.
3, 5, 1333121
What are the prime factors of 3443856473?
3443856473
What are the prime factors of 41410783?
73, 353, 1607
What are the prime factors of 51831366?
2, 3, 2549, 3389
List the prime factors of 46769539.
293, 159623
What are the prime factors of 5490578?
2, 37, 74197
What are the prime factors of 435156460?
2, 5, 103, 211241
What are the prime factors of 2984836110?
2, 3, 5, 99494537
What are the prime factors of 101506899?
3, 13, 2602741
What are the prime factors of 5867899767?
3, 1109, 65323
What are the prime factors of 658429781?
19, 283, 122453
What are the prime factors of 98605268?
2, 673, 36629
List the prime factors of 2179806633.
3, 31, 868103
List the prime factors of 3025188744.
2, 3, 107, 1178033
List the prime factors of 110805769.
601, 184369
List the prime factors of 12576258.
2, 3, 41, 17041
List the prime factors of 561144166.
2, 11, 107, 127, 1877
List the prime factors of 398511989.
16693, 23873
What are the prime factors of 28689741?
3, 859, 1237
List the prime factors of 46090789.
19, 37, 65563
List the prime factors of 327613601.
7, 149, 314107
What are the prime factors of 315576482?
2, 13, 12137557
What are the prime factors of 987808879?
19, 2843, 18287
List the prime factors of 629320850.
2, 5, 19, 662443
List the prime factors of 60272903.
23, 743, 3527
List the prime factors of 54505648.
2, 569, 5987
List the prime factors of 394666664.
2, 7, 7047619
What are the prime factors of 41388147?
3, 41, 112163
What are the prime factors of 7314310?
2, 5, 367, 1993
What are the prime factors of 531739154?
2, 73, 3642049
List the prime factors of 55278422.
2, 179, 154409
List the prime factors of 194088858.
2, 3, 23, 1406441
What are the prime factors of 180348705?
3, 5, 79, 97, 523
List the prime factors of 4137296464.
2, 7, 36940147
What are the prime factors of 885574614?
2, 3, 167, 883807
What are the prime factors of 478928447?
6047, 79201
What are the prime factors of 6982074331?
47, 148554773
List the prime factors of 35661270.
2, 3, 5, 23, 51683
List the prime f